{"id":1795,"date":"2020-10-13T19:22:08","date_gmt":"2020-10-13T19:22:08","guid":{"rendered":"http:\/\/uwojtusianatalerzu.pl\/?page_id=1795"},"modified":"2024-03-21T12:00:50","modified_gmt":"2024-03-21T12:00:50","slug":"o-mnie","status":"publish","type":"page","link":"https:\/\/uwojtusianatalerzu.pl\/?page_id=1795","title":{"rendered":"O mnie"},"content":{"rendered":"\n<p>Tylko to, co gotujesz z mi\u0142o\u015bci\u0105, jest naprawd\u0119 smaczne. <\/p>\n\n\n\n<p><em>Alison Singh Gee<\/em><\/p>\n\n\n\n<hr class=\"wp-block-separator is-style-wide\"\/>\n\n\n\n<div class=\"wp-block-group\"><div class=\"wp-block-group__inner-container is-layout-flow wp-block-group-is-layout-flow\">\n<div class=\"wp-block-media-text alignwide is-stacked-on-mobile is-vertically-aligned-top\" style=\"grid-template-columns:31% auto\"><figure class=\"wp-block-media-text__media\"><img fetchpriority=\"high\" decoding=\"async\" width=\"1024\" height=\"1024\" src=\"https:\/\/uwojtusianatalerzu.pl\/wp-content\/uploads\/2021\/10\/6B6E3EAC-4C59-4F8D-A510-E355DF17B112-1024x1024.png\" alt=\"\" class=\"wp-image-2697\" srcset=\"https:\/\/uwojtusianatalerzu.pl\/wp-content\/uploads\/2021\/10\/6B6E3EAC-4C59-4F8D-A510-E355DF17B112-1024x1024.png 1024w, https:\/\/uwojtusianatalerzu.pl\/wp-content\/uploads\/2021\/10\/6B6E3EAC-4C59-4F8D-A510-E355DF17B112-300x300.png 300w, https:\/\/uwojtusianatalerzu.pl\/wp-content\/uploads\/2021\/10\/6B6E3EAC-4C59-4F8D-A510-E355DF17B112-150x150.png 150w, https:\/\/uwojtusianatalerzu.pl\/wp-content\/uploads\/2021\/10\/6B6E3EAC-4C59-4F8D-A510-E355DF17B112-768x768.png 768w, https:\/\/uwojtusianatalerzu.pl\/wp-content\/uploads\/2021\/10\/6B6E3EAC-4C59-4F8D-A510-E355DF17B112-585x585.png 585w, https:\/\/uwojtusianatalerzu.pl\/wp-content\/uploads\/2021\/10\/6B6E3EAC-4C59-4F8D-A510-E355DF17B112.png 1080w\" sizes=\"(max-width: 1024px) 100vw, 1024px\" \/><\/figure><div class=\"wp-block-media-text__content\">\n<div class=\"wp-block-group is-layout-flow wp-block-group-is-layout-flow\"><div class=\"wp-block-group__inner-container\"><\/div><\/div>\n\n\n\n<p id=\"block-8f544de0-fee8-4053-b89a-b9d1aa71f2fb\">Cze\u015b\u0107, nazywam si\u0119 Michalina Klukowska, kocham gotowa\u0107, kocham je\u015b\u0107 i karmi\u0107 swoj\u0105 rodzin\u0119. Lubi\u0119 odkrywa\u0107 nowe smaki, udoskonala\u0107 te dobrze znane i \u0142\u0105czy\u0107 takie, kt\u00f3rych po\u0142\u0105czy\u0107 si\u0119 nie da. Gotuj\u0119, bo lubi\u0119 i sprawia mi to ogromn\u0105 rado\u015b\u0107!<\/p>\n\n\n\n<p>Jestem magistrem dietetyki klinicznej i dzieci\u0119cej, dyplomowan\u0105 specjalistk\u0105 ds. \u017cywienia dzieci, edukatork\u0105 \u017cywieniow\u0105 i absolwentk\u0105 studi\u00f3w podyplomowych z dietetyki pediatrycznej. Prowadz\u0119 warsztaty, konsultacje dietetyczne, oferuje swoje wsparcie na ka\u017cdym etapie \u017cywienia dzieci.  Swoj\u0105 przygod\u0119 ze blogiem zacz\u0119\u0142am w 2018 roku kiedy rozpocz\u0105\u0142 si\u0119 etap rozszerzania diety mojego syna &#8211; Wojtka. Na Instagramie dzieli\u0142am si\u0119 przepisami na dania, kt\u00f3re dla niego przygotowywa\u0142am. Nie my\u015bla\u0142am wtedy, \u017ce tyle mam b\u0119dzie korzysta\u0107 z moich przepis\u00f3w! Prowadzenie bloga sta\u0142o si\u0119 moj\u0105 pasj\u0105, a tworzenie przepis\u00f3w i jad\u0142ospis\u00f3w wymarzon\u0105 prac\u0105 &#8211; w marcu 2021 wyda\u0142am swoj\u0105 pierwsz\u0105 ksi\u0105\u017ck\u0119 #planuJEMY wiosna-lato, kt\u00f3ra zosta\u0142a bardzo dobrze przyj\u0119ta w\u015br\u00f3d czytelnik\u00f3w, a rok p\u00f3\u017aniej drug\u0105 cz\u0119\u015b\u0107 ksi\u0105\u017cki &#8211; edycja jesie\u0144-zima. Na swoim koncie mam tak\u017ce pozycj\u0119 \u201eChrup! Mlask! Mniam! Rozszerzanie diety i \u017cywienie starszaka\u201d, kt\u00f3ra przeprowadza rodzic\u00f3w przez okres rozszerzania diety i dziecka po 1. roku \u017cycia. Jestem tak\u017ce autork\u0105 pierwszej w Polsce gry planszowej \u201eWarzywny ogr\u00f3dek\u201d, kt\u00f3rej celem jest oswajanie dzieci z jedzeniem warzyw! <\/p>\n\n\n\n<p id=\"block-67fc09dc-1759-445a-913f-3914f212ee24\">Prywatnie jestem mam\u0105 dw\u00f3ch wspania\u0142ych ch\u0142opc\u00f3w &#8211; Wojtka i Antka &#8211; mam\u0105, kt\u00f3ra stara si\u0119 wyrobi\u0107 zdrowe nawyki \u017cywieniowe u swoich dzieci wg zasady, \u017ce 3 pierwsze lata \u017cycia s\u0105 kluczowe dla ich rozwoju.<\/p>\n\n\n\n<p id=\"block-bd4804de-4f16-474b-8af1-bf0e8b26297e\">W ka\u017cdej sprawie mo\u017cesz napisa\u0107 do mnie maila: <strong>uwojtusianatalerzu@gmail.com<\/strong><\/p>\n<\/div><\/div>\n<\/div><\/div>\n","protected":false},"excerpt":{"rendered":"<p>Tylko to, co gotujesz z mi\u0142o\u015bci\u0105, jest naprawd\u0119 smaczne. Alison Singh Gee Cze\u015b\u0107, nazywam si\u0119 Michalina Klukowska, kocham gotowa\u0107, kocham je\u015b\u0107 i&hellip;<\/p>\n","protected":false},"author":7,"featured_media":0,"parent":0,"menu_order":0,"comment_status":"closed","ping_status":"closed","template":"","meta":{"footnotes":""},"class_list":["post-1795","page","type-page","status-publish","hentry"],"yoast_head":"<!-- This site is optimized with the Yoast SEO plugin v25.9 - https:\/\/yoast.com\/wordpress\/plugins\/seo\/ -->\n<title>O mnie - U Wojtusia na talerzu<\/title>\n<meta name=\"robots\" content=\"index, follow, max-snippet:-1, max-image-preview:large, max-video-preview:-1\" \/>\n<link rel=\"canonical\" href=\"https:\/\/uwojtusianatalerzu.pl\/?page_id=1795\" \/>\n<meta property=\"og:locale\" content=\"pl_PL\" \/>\n<meta property=\"og:type\" content=\"article\" \/>\n<meta property=\"og:title\" content=\"O mnie - U Wojtusia na talerzu\" \/>\n<meta property=\"og:description\" content=\"Tylko to, co gotujesz z mi\u0142o\u015bci\u0105, jest naprawd\u0119 smaczne. Alison Singh Gee Cze\u015b\u0107, nazywam si\u0119 Michalina Klukowska, kocham gotowa\u0107, kocham je\u015b\u0107 i&hellip;\" \/>\n<meta property=\"og:url\" content=\"https:\/\/uwojtusianatalerzu.pl\/?page_id=1795\" \/>\n<meta property=\"og:site_name\" content=\"U Wojtusia na talerzu\" \/>\n<meta property=\"article:modified_time\" content=\"2024-03-21T12:00:50+00:00\" \/>\n<meta property=\"og:image\" content=\"https:\/\/uwojtusianatalerzu.pl\/wp-content\/uploads\/2021\/10\/6B6E3EAC-4C59-4F8D-A510-E355DF17B112-1024x1024.png\" \/>\n<meta name=\"twitter:card\" content=\"summary_large_image\" \/>\n<meta name=\"twitter:label1\" content=\"Szacowany czas czytania\" \/>\n\t<meta name=\"twitter:data1\" content=\"1 minuta\" \/>\n<script type=\"application\/ld+json\" class=\"yoast-schema-graph\">{\"@context\":\"https:\/\/schema.org\",\"@graph\":[{\"@type\":\"WebPage\",\"@id\":\"https:\/\/uwojtusianatalerzu.pl\/?page_id=1795\",\"url\":\"https:\/\/uwojtusianatalerzu.pl\/?page_id=1795\",\"name\":\"O mnie - U Wojtusia na talerzu\",\"isPartOf\":{\"@id\":\"https:\/\/uwojtusianatalerzu.pl\/#website\"},\"primaryImageOfPage\":{\"@id\":\"https:\/\/uwojtusianatalerzu.pl\/?page_id=1795#primaryimage\"},\"image\":{\"@id\":\"https:\/\/uwojtusianatalerzu.pl\/?page_id=1795#primaryimage\"},\"thumbnailUrl\":\"https:\/\/uwojtusianatalerzu.pl\/wp-content\/uploads\/2021\/10\/6B6E3EAC-4C59-4F8D-A510-E355DF17B112-1024x1024.png\",\"datePublished\":\"2020-10-13T19:22:08+00:00\",\"dateModified\":\"2024-03-21T12:00:50+00:00\",\"breadcrumb\":{\"@id\":\"https:\/\/uwojtusianatalerzu.pl\/?page_id=1795#breadcrumb\"},\"inLanguage\":\"pl-PL\",\"potentialAction\":[{\"@type\":\"ReadAction\",\"target\":[\"https:\/\/uwojtusianatalerzu.pl\/?page_id=1795\"]}]},{\"@type\":\"ImageObject\",\"inLanguage\":\"pl-PL\",\"@id\":\"https:\/\/uwojtusianatalerzu.pl\/?page_id=1795#primaryimage\",\"url\":\"https:\/\/uwojtusianatalerzu.pl\/wp-content\/uploads\/2021\/10\/6B6E3EAC-4C59-4F8D-A510-E355DF17B112-1024x1024.png\",\"contentUrl\":\"https:\/\/uwojtusianatalerzu.pl\/wp-content\/uploads\/2021\/10\/6B6E3EAC-4C59-4F8D-A510-E355DF17B112-1024x1024.png\"},{\"@type\":\"BreadcrumbList\",\"@id\":\"https:\/\/uwojtusianatalerzu.pl\/?page_id=1795#breadcrumb\",\"itemListElement\":[{\"@type\":\"ListItem\",\"position\":1,\"name\":\"Strona g\u0142\u00f3wna\",\"item\":\"https:\/\/uwojtusianatalerzu.pl\/\"},{\"@type\":\"ListItem\",\"position\":2,\"name\":\"O mnie\"}]},{\"@type\":\"WebSite\",\"@id\":\"https:\/\/uwojtusianatalerzu.pl\/#website\",\"url\":\"https:\/\/uwojtusianatalerzu.pl\/\",\"name\":\"U Wojtusia na talerzu\",\"description\":\"U Wojtusia na talerzu to strona po\u015bwi\u0119cona \u017cywieniu dzieci od niemowlaka do starszaka\",\"potentialAction\":[{\"@type\":\"SearchAction\",\"target\":{\"@type\":\"EntryPoint\",\"urlTemplate\":\"https:\/\/uwojtusianatalerzu.pl\/?s={search_term_string}\"},\"query-input\":{\"@type\":\"PropertyValueSpecification\",\"valueRequired\":true,\"valueName\":\"search_term_string\"}}],\"inLanguage\":\"pl-PL\"}]}<\/script>\n<!-- \/ Yoast SEO plugin. -->","yoast_head_json":{"title":"O mnie - U Wojtusia na talerzu","robots":{"index":"index","follow":"follow","max-snippet":"max-snippet:-1","max-image-preview":"max-image-preview:large","max-video-preview":"max-video-preview:-1"},"canonical":"https:\/\/uwojtusianatalerzu.pl\/?page_id=1795","og_locale":"pl_PL","og_type":"article","og_title":"O mnie - U Wojtusia na talerzu","og_description":"Tylko to, co gotujesz z mi\u0142o\u015bci\u0105, jest naprawd\u0119 smaczne. Alison Singh Gee Cze\u015b\u0107, nazywam si\u0119 Michalina Klukowska, kocham gotowa\u0107, kocham je\u015b\u0107 i&hellip;","og_url":"https:\/\/uwojtusianatalerzu.pl\/?page_id=1795","og_site_name":"U Wojtusia na talerzu","article_modified_time":"2024-03-21T12:00:50+00:00","og_image":[{"url":"https:\/\/uwojtusianatalerzu.pl\/wp-content\/uploads\/2021\/10\/6B6E3EAC-4C59-4F8D-A510-E355DF17B112-1024x1024.png","type":"","width":"","height":""}],"twitter_card":"summary_large_image","twitter_misc":{"Szacowany czas czytania":"1 minuta"},"schema":{"@context":"https:\/\/schema.org","@graph":[{"@type":"WebPage","@id":"https:\/\/uwojtusianatalerzu.pl\/?page_id=1795","url":"https:\/\/uwojtusianatalerzu.pl\/?page_id=1795","name":"O mnie - U Wojtusia na talerzu","isPartOf":{"@id":"https:\/\/uwojtusianatalerzu.pl\/#website"},"primaryImageOfPage":{"@id":"https:\/\/uwojtusianatalerzu.pl\/?page_id=1795#primaryimage"},"image":{"@id":"https:\/\/uwojtusianatalerzu.pl\/?page_id=1795#primaryimage"},"thumbnailUrl":"https:\/\/uwojtusianatalerzu.pl\/wp-content\/uploads\/2021\/10\/6B6E3EAC-4C59-4F8D-A510-E355DF17B112-1024x1024.png","datePublished":"2020-10-13T19:22:08+00:00","dateModified":"2024-03-21T12:00:50+00:00","breadcrumb":{"@id":"https:\/\/uwojtusianatalerzu.pl\/?page_id=1795#breadcrumb"},"inLanguage":"pl-PL","potentialAction":[{"@type":"ReadAction","target":["https:\/\/uwojtusianatalerzu.pl\/?page_id=1795"]}]},{"@type":"ImageObject","inLanguage":"pl-PL","@id":"https:\/\/uwojtusianatalerzu.pl\/?page_id=1795#primaryimage","url":"https:\/\/uwojtusianatalerzu.pl\/wp-content\/uploads\/2021\/10\/6B6E3EAC-4C59-4F8D-A510-E355DF17B112-1024x1024.png","contentUrl":"https:\/\/uwojtusianatalerzu.pl\/wp-content\/uploads\/2021\/10\/6B6E3EAC-4C59-4F8D-A510-E355DF17B112-1024x1024.png"},{"@type":"BreadcrumbList","@id":"https:\/\/uwojtusianatalerzu.pl\/?page_id=1795#breadcrumb","itemListElement":[{"@type":"ListItem","position":1,"name":"Strona g\u0142\u00f3wna","item":"https:\/\/uwojtusianatalerzu.pl\/"},{"@type":"ListItem","position":2,"name":"O mnie"}]},{"@type":"WebSite","@id":"https:\/\/uwojtusianatalerzu.pl\/#website","url":"https:\/\/uwojtusianatalerzu.pl\/","name":"U Wojtusia na talerzu","description":"U Wojtusia na talerzu to strona po\u015bwi\u0119cona \u017cywieniu dzieci od niemowlaka do starszaka","potentialAction":[{"@type":"SearchAction","target":{"@type":"EntryPoint","urlTemplate":"https:\/\/uwojtusianatalerzu.pl\/?s={search_term_string}"},"query-input":{"@type":"PropertyValueSpecification","valueRequired":true,"valueName":"search_term_string"}}],"inLanguage":"pl-PL"}]}},"_links":{"self":[{"href":"https:\/\/uwojtusianatalerzu.pl\/index.php?rest_route=\/wp\/v2\/pages\/1795","targetHints":{"allow":["GET"]}}],"collection":[{"href":"https:\/\/uwojtusianatalerzu.pl\/index.php?rest_route=\/wp\/v2\/pages"}],"about":[{"href":"https:\/\/uwojtusianatalerzu.pl\/index.php?rest_route=\/wp\/v2\/types\/page"}],"author":[{"embeddable":true,"href":"https:\/\/uwojtusianatalerzu.pl\/index.php?rest_route=\/wp\/v2\/users\/7"}],"replies":[{"embeddable":true,"href":"https:\/\/uwojtusianatalerzu.pl\/index.php?rest_route=%2Fwp%2Fv2%2Fcomments&post=1795"}],"version-history":[{"count":13,"href":"https:\/\/uwojtusianatalerzu.pl\/index.php?rest_route=\/wp\/v2\/pages\/1795\/revisions"}],"predecessor-version":[{"id":2751,"href":"https:\/\/uwojtusianatalerzu.pl\/index.php?rest_route=\/wp\/v2\/pages\/1795\/revisions\/2751"}],"wp:attachment":[{"href":"https:\/\/uwojtusianatalerzu.pl\/index.php?rest_route=%2Fwp%2Fv2%2Fmedia&parent=1795"}],"curies":[{"name":"wp","href":"https:\/\/api.w.org\/{rel}","templated":true}]}}

<p>Tylko to, co gotujesz z miłością, jest naprawdę smaczne. </p>



<p><em>Alison Singh Gee</em></p>



<hr class="wp-block-separator is-style-wide"/>



<div class="wp-block-group"><div class="wp-block-group__inner-container is-layout-flow wp-block-group-is-layout-flow">
<div class="wp-block-media-text alignwide is-stacked-on-mobile is-vertically-aligned-top" style="grid-template-columns:31% auto"><figure class="wp-block-media-text__media"><img fetchpriority="high" decoding="async" width="1024" height="1024" src="https://uwojtusianatalerzu.pl/wp-content/uploads/2021/10/6B6E3EAC-4C59-4F8D-A510-E355DF17B112-1024x1024.png" alt="" class="wp-image-2697" srcset="https://uwojtusianatalerzu.pl/wp-content/uploads/2021/10/6B6E3EAC-4C59-4F8D-A510-E355DF17B112-1024x1024.png 1024w, https://uwojtusianatalerzu.pl/wp-content/uploads/2021/10/6B6E3EAC-4C59-4F8D-A510-E355DF17B112-300x300.png 300w, https://uwojtusianatalerzu.pl/wp-content/uploads/2021/10/6B6E3EAC-4C59-4F8D-A510-E355DF17B112-150x150.png 150w, https://uwojtusianatalerzu.pl/wp-content/uploads/2021/10/6B6E3EAC-4C59-4F8D-A510-E355DF17B112-768x768.png 768w, https://uwojtusianatalerzu.pl/wp-content/uploads/2021/10/6B6E3EAC-4C59-4F8D-A510-E355DF17B112-585x585.png 585w, https://uwojtusianatalerzu.pl/wp-content/uploads/2021/10/6B6E3EAC-4C59-4F8D-A510-E355DF17B112.png 1080w" sizes="(max-width: 1024px) 100vw, 1024px" /></figure><div class="wp-block-media-text__content">
<div class="wp-block-group is-layout-flow wp-block-group-is-layout-flow"><div class="wp-block-group__inner-container"></div></div>



<p id="block-8f544de0-fee8-4053-b89a-b9d1aa71f2fb">Cześć, nazywam się Michalina Klukowska, kocham gotować, kocham jeść i karmić swoją rodzinę. Lubię odkrywać nowe smaki, udoskonalać te dobrze znane i łączyć takie, których połączyć się nie da. Gotuję, bo lubię i sprawia mi to ogromną radość!</p>



<p>Jestem magistrem dietetyki klinicznej i dziecięcej, dyplomowaną specjalistką ds. żywienia dzieci, edukatorką żywieniową i absolwentką studiów podyplomowych z dietetyki pediatrycznej. Prowadzę warsztaty, konsultacje dietetyczne, oferuje swoje wsparcie na każdym etapie żywienia dzieci.  Swoją przygodę ze blogiem zaczęłam w 2018 roku kiedy rozpoczął się etap rozszerzania diety mojego syna &#8211; Wojtka. Na Instagramie dzieliłam się przepisami na dania, które dla niego przygotowywałam. Nie myślałam wtedy, że tyle mam będzie korzystać z moich przepisów! Prowadzenie bloga stało się moją pasją, a tworzenie przepisów i jadłospisów wymarzoną pracą &#8211; w marcu 2021 wydałam swoją pierwszą książkę #planuJEMY wiosna-lato, która została bardzo dobrze przyjęta wśród czytelników, a rok później drugą część książki &#8211; edycja jesień-zima. Na swoim koncie mam także pozycję „Chrup! Mlask! Mniam! Rozszerzanie diety i żywienie starszaka”, która przeprowadza rodziców przez okres rozszerzania diety i dziecka po 1. roku życia. Jestem także autorką pierwszej w Polsce gry planszowej „Warzywny ogródek”, której celem jest oswajanie dzieci z jedzeniem warzyw! </p>



<p id="block-67fc09dc-1759-445a-913f-3914f212ee24">Prywatnie jestem mamą dwóch wspaniałych chłopców &#8211; Wojtka i Antka &#8211; mamą, która stara się wyrobić zdrowe nawyki żywieniowe u swoich dzieci wg zasady, że 3 pierwsze lata życia są kluczowe dla ich rozwoju.</p>



<p id="block-bd4804de-4f16-474b-8af1-bf0e8b26297e">W każdej sprawie możesz napisać do mnie maila: <strong>uwojtusianatalerzu@gmail.com</strong></p>
</div></div>
</div></div>

<p>Tylko to, co gotujesz z miłością, jest naprawdę smaczne. Alison Singh Gee Cześć, nazywam się Michalina Klukowska, kocham gotować, kocham jeść i&hellip;</p>

<!-- This site is optimized with the Yoast SEO plugin v25.9 - https://yoast.com/wordpress/plugins/seo/ -->
<title>O mnie - U Wojtusia na talerzu</title>
<meta name="robots" content="index, follow, max-snippet:-1, max-image-preview:large, max-video-preview:-1" />
<link rel="canonical" href="https://uwojtusianatalerzu.pl/?page_id=1795" />
<meta property="og:locale" content="pl_PL" />
<meta property="og:type" content="article" />
<meta property="og:title" content="O mnie - U Wojtusia na talerzu" />
<meta property="og:description" content="Tylko to, co gotujesz z miłością, jest naprawdę smaczne. Alison Singh Gee Cześć, nazywam się Michalina Klukowska, kocham gotować, kocham jeść i&hellip;" />
<meta property="og:url" content="https://uwojtusianatalerzu.pl/?page_id=1795" />
<meta property="og:site_name" content="U Wojtusia na talerzu" />
<meta property="article:modified_time" content="2024-03-21T12:00:50+00:00" />
<meta property="og:image" content="https://uwojtusianatalerzu.pl/wp-content/uploads/2021/10/6B6E3EAC-4C59-4F8D-A510-E355DF17B112-1024x1024.png" />
<meta name="twitter:card" content="summary_large_image" />
<meta name="twitter:label1" content="Szacowany czas czytania" />
	<meta name="twitter:data1" content="1 minuta" />
<script type="application/ld+json" class="yoast-schema-graph">{"@context":"https://schema.org","@graph":[{"@type":"WebPage","@id":"https://uwojtusianatalerzu.pl/?page_id=1795","url":"https://uwojtusianatalerzu.pl/?page_id=1795","name":"O mnie - U Wojtusia na talerzu","isPartOf":{"@id":"https://uwojtusianatalerzu.pl/#website"},"primaryImageOfPage":{"@id":"https://uwojtusianatalerzu.pl/?page_id=1795#primaryimage"},"image":{"@id":"https://uwojtusianatalerzu.pl/?page_id=1795#primaryimage"},"thumbnailUrl":"https://uwojtusianatalerzu.pl/wp-content/uploads/2021/10/6B6E3EAC-4C59-4F8D-A510-E355DF17B112-1024x1024.png","datePublished":"2020-10-13T19:22:08+00:00","dateModified":"2024-03-21T12:00:50+00:00","breadcrumb":{"@id":"https://uwojtusianatalerzu.pl/?page_id=1795#breadcrumb"},"inLanguage":"pl-PL","potentialAction":[{"@type":"ReadAction","target":["https://uwojtusianatalerzu.pl/?page_id=1795"]}]},{"@type":"ImageObject","inLanguage":"pl-PL","@id":"https://uwojtusianatalerzu.pl/?page_id=1795#primaryimage","url":"https://uwojtusianatalerzu.pl/wp-content/uploads/2021/10/6B6E3EAC-4C59-4F8D-A510-E355DF17B112-1024x1024.png","contentUrl":"https://uwojtusianatalerzu.pl/wp-content/uploads/2021/10/6B6E3EAC-4C59-4F8D-A510-E355DF17B112-1024x1024.png"},{"@type":"BreadcrumbList","@id":"https://uwojtusianatalerzu.pl/?page_id=1795#breadcrumb","itemListElement":[{"@type":"ListItem","position":1,"name":"Strona główna","item":"https://uwojtusianatalerzu.pl/"},{"@type":"ListItem","position":2,"name":"O mnie"}]},{"@type":"WebSite","@id":"https://uwojtusianatalerzu.pl/#website","url":"https://uwojtusianatalerzu.pl/","name":"U Wojtusia na talerzu","description":"U Wojtusia na talerzu to strona poświęcona żywieniu dzieci od niemowlaka do starszaka","potentialAction":[{"@type":"SearchAction","target":{"@type":"EntryPoint","urlTemplate":"https://uwojtusianatalerzu.pl/?s={search_term_string}"},"query-input":{"@type":"PropertyValueSpecification","valueRequired":true,"valueName":"search_term_string"}}],"inLanguage":"pl-PL"}]}</script>
<!-- / Yoast SEO plugin. -->

Tylko to, co gotujesz z miłością, jest naprawdę smaczne. Alison Singh Gee Cześć, nazywam się Michalina Klukowska, kocham gotować, kocham jeść i&hellip;

Strona główna

U Wojtusia na talerzu to strona poświęcona żywieniu dzieci od niemowlaka do starszaka
